visor of a and z.
10
Suppose -3*i + 4*i = 231. Calculate the highest common factor of i and 21.
21
Let i(a) = a**3 + 6*a**2 + 5*a + 3. Let d be i(-5). Suppose -s - 30 = -d*s. What is the highest common factor of s and 10?
5
Suppose -m - 2 = -14. What is the greatest common divisor of m and 96?
12
Let l be 954/15 + 2/5. Let u(t) = -t**3 - 7*t**2 - 2*t + 2. Let p be u(-7). Calculate the highest common factor of l and p.
16
Suppose 0 = 2*v - 60 - 226. Suppose -2*m + 2 + 14 = 2*t, 2*t = 3*m - 49. Calculate the highest common factor of m and v.
13
Let u(f) = f + 13. Let i be u(-10). Let z = i - -12. Calculate the highest common divisor of z and 60.
15
Suppose q = -5*v + 2*q + 177, -4*v = -3*q - 146. What is the greatest common factor of 14 and v?
7
Let d(g) = 24*g - 48. Let u be d(7). Suppose -2*k + 71 = 5*q, -2*k - 1 - 3 = 0. What is the highest common factor of u and q?
15
Let l(v) be the first derivative of -v**4/4 - 3*v**2/2 - 4*v - 1. Let o be l(-4). Let b = 88 - 80. What is the greatest common divisor of o and b?
8
Let u(k) = -k**3 - 5*k**2 - 3*k + 1. Let v be u(-5). Let n = v - -4. What is the highest common divisor of 5 and n?
5
Let f(o) = o**2 - 9*o - 14. Let j be f(11). Calculate the greatest common factor of j and 104.
8
Suppose 0 = -2*g + 10 + 2. Let l = g - 5. What is the greatest common factor of l and 2?
1
Let u be (0 - -26)/((-3)/(-12)). What is the greatest common divisor of u and 26?
26
Let q be 2 + 1 - (1 + 1). Let x = 0 - -4. What is the greatest common factor of q and x?
1
Let h = 3 + 2. Suppose -2*r + 47 = -h*j + 162, 110 = 5*j - 3*r. Calculate the greatest common divisor of 25 and j.
25
Suppose 192 = t + 2*t. Suppose 5*r = 2*h - 0*h + 90, 3*r + 4*h = 28. What is the greatest common factor of t and r?
16
Suppose 2*l = l + 6. Let s(r) = r**3 - r + 4. Let p be s(0). Let f be p/l - 148/(-12). What is the greatest common divisor of 26 and f?
13
Suppose k - 7 = 7. What is the greatest common factor of k and 35?
7
Let l(n) = -15*n + 8. Let b be l(-6). Suppose 2*s + b = 306. What is the highest common divisor of 13 and s?
13
Suppose 3*n = 4*b + 2*n - 275, 5*n = 2*b - 133. Suppose -v + 81 = 2*v - 5*d, 3*v - b = d. Suppose -v = -z - 0*z. What is the greatest common factor of z and 2?
2
Let i = 108 - 52. Let x(o) = -o**3 - 3*o**2 + 6*o - 6. Let a be x(-5). What is the greatest common divisor of i and a?
14
Let s(k) = -k + 4. Let w be s(0). Suppose 2*n - 18 = w. What is the highest common divisor of n and 33?
11
Let q(i) = -i**3 - 7*i**2 - 5*i + 5. Let o be q(-6). Let w(x) = -x + 4. Let u be w(5). Let f be o/u + 154 + -2. What is the greatest common divisor of f and 17?
17
Suppose 2*m - 440 = -8*m. What is the greatest common factor of m and 66?
22
Suppose -5*u + 15 = -75. Calculate the highest common divisor of u and 9.
9
Suppose 8*i - 10*i + 28 = 0. Calculate the greatest common divisor of 2 and i.
2
Let k = 48 + -14. What is the highest common factor of 85 and k?
17
Suppose -6*p - 2*f + 75 = -p, 0 = -5*p + 5*f + 110. Let q(r) = -7*r + 1. Let a be q(-12). Calculate the highest common divisor of p and a.
17
Suppose 0 = -4*p + p + 36. Suppose -2*t - 2*y + 256 = 0, 5*y + 416 = 6*t - 3*t. What is the highest common divisor of p and t?
12
Suppose -5*j + 8 = -17. Calculate the highest common factor of j and 15.
5
Suppose -5*q + 27 = -78. Calculate the highest common factor of q and 84.
21
Let g(w) be the first derivative of 3/2*w**2 + 1/3*w**3 - 1 - 3/4*w**4 + w. Let j be g(-2). What is the highest common factor of j and 46?
23
Suppose -4*o - 5*b = 2165, 5*b - 2195 = 4*o - 0*o. Let z = -347 - o. What is the greatest common divisor of 18 and z?
18
Let j = -13 - -22. Let l = 51 - j. What is the highest common divisor of 6 and l?
6
Let j = -12 - -22. Let t(g) = -12*g + 1. Let a = 3 + -5. Let f be t(a). What is the greatest common divisor of f and j?
5
Let u(t) be the third derivative of t**4/24 + 5*t**3/3 + 4*t**2. Let q be u(7). What is the highest common factor of q and 85?
17
Let a = 3 + 5. Suppose -q - 4 = -2*f, 3*q - a = f + 5*q. Suppose f*j - 4*m - 10 = 2*j, 2*m = -3*j + 1. What is the greatest common divisor of 6 and j?
3
Let o be (-2)/(-8) + 3/4. Suppose -3*g + 0*g = 3*t - 27, -5*g - 36 = -4*t. What is the greatest common factor of t and o?
1
Let j = -19 + -1. Let g = 84 - j. What is the greatest common divisor of 26 and g?
26
Let f be (19/(-5))/((-2)/10). What is the highest common divisor of f and 209?
19
Let n(k) = 3*k + 4. Let m be n(3). Calculate the greatest common factor of 104 and m.
13
Let k(m) = m**3 + 6*m**2 + m + 99. Let l be k(0). What is the greatest common factor of 132 and l?
33
Let s(g) = 2*g**3 - 5*g**2 + 2*g - 2. Let c be s(4). What is the highest common divisor of c and 90?
18
Let z = 16 - -8. Suppose w = 3*w - z. Suppose t + 2 = 8. Calculate the greatest common factor of w and t.
6
Let i = 3 - 2. Let z be ((-5)/1)/i - 3. Let u(w) = -w + 7. Let x be u(z). What is the greatest common divisor of 60 and x?
15
Let u = 119 - 108. Suppose 0*t + 3*t = 132. Calculate the highest common divisor of t and u.
11
Let z = -37 - -61. What is the greatest common divisor of z and 6?
6
Let t(a) = 17*a - 9. Let m(i) = -50*i + 28. Let w(j) = 2*m(j) + 7*t(j). Let s be w(5). What is the highest common divisor of 11 and s?
11
Suppose -10 = -10*r + 5*r. Let i be (r - 0)*(3 - 1). Suppose 64 = 3*k + 4. What is the greatest common factor of k and i?
4
Suppose 3*u = -9, 3*m - 26 + 2 = -u. What is the greatest common divisor of m and 81?
9
Let a(y) = y**3 + 10*y**2 + 8*y - 1. Let f be a(-9). Calculate the highest common factor of f and 20.
4
Let f(m) = m**3 - 4*m**2 + 2*m + 2. Let b be f(4). Let d = b + 10. Calculate the highest common factor of d and 60.
20
Let t = -20 - -36. What is the highest common divisor of 56 and t?
8
Let v be 1*(2 + 24 - -1). Suppose 5*h = h + 8. Suppose -j - h*x = -106, -j + 79 = -4*x - 33. What is the greatest common divisor of j and v?
27
Suppose 4*f + 0*c - 2*c - 56 = 0, 0 = 2*f + 5*c - 4. What is the highest common divisor of f and 36?
12
Let f(l) = l**3 + 4*l**2 - 3*l + 5. Let u be 2/(-5) - 72/20. Let d be f(u). Suppose 127 = 19*o - 519. Calculate the highest common factor of o and d.
17
Let y = -17 + 43. Calculate the highest common divisor of 208 and y.
26
Let q = 21 - 10. Calculate the greatest common divisor of 99 and q.
11
Let u be 24/(-16)*4/(-3). Suppose u*v - 41 = 49. Calculate the greatest common divisor of v and 15.
15
Let j(h) = -6*h**3 - h - 1. Let q be j(-1). Suppose 2*b = q*b + 20. Let p be 2/(-1) - 285/b. What is the highest common divisor of 11 and p?
11
Let k = -2 + 13. What is the highest common factor of 77 and k?
11
Suppose -3*l - 2*f + 9 + 2 = 0, 5*l - 25 = -5*f. Suppose 0*i + l = i. Suppose -a + 5 = -i. Calculate the highest common factor of a and 18.
6
Let j(k) be the second derivative of k**3/2 - 3*k. Let l be j(1). Calculate the highest common divisor of l and 27.
3
Suppose 5*b + 9 + 73 = -3*c, -3*b - 22 = -5*c. Let g be (-2)/(-8) + b/(-8). Let t = 34 - 33. What is the highest common divisor of t and g?
1
Suppose -2*p + 5*s = 2*s - 70, 4*s - 160 = -4*p. Suppose -4*j + o = -0*o - 76, -3*j + p = 4*o. What is the highest common factor of 12 and j?
6
Let g(j) = 2*j**2 - j - 6. Suppose -10 + 4 = -2*m. Let s be g(m). What is the highest common factor of 72 and s?
9
Suppose 11*m + 2 = 10*m. Let p(g) = -11*g - 1. Let d be p(m). What is the greatest common factor of 231 and d?
21
Let o(f) = -2*f**3 - 4*f**2 + 5*f + 5. Let k be o(-3). What is the highest common divisor of k and 24?
8
Let q(f) = -f**3 - 29*f**2 - 31*f - 62. Let h be q(-28). Suppose -t = -2*t + 11. What is the greatest common factor of t and h?
11
Let f be (10/4 - 2)*(-1 + 15). Calculate the highest common divisor of 63 and f.
7
Let h be (-42)/(-1)*36/42. What is the highest common factor of h and 90?
18
Let y(v) = 5*v + 35. Let o be y(21). What is the greatest common divisor of o and 56?
28
Let g = 50 - 10. What is the greatest common divisor of g and 20?
20
Let r(t) = t**2 + 6*t + 1. Let o be ((-2)/(-3))/((-8)/36). Let p be r(o). Let c = p + 20. What is the greatest common divisor of 108 and c?
12
Suppose 0 = 3*a - f + 8, -4*f = -3*a - f. Let x be -1*(-3 - a) - -91. Calculate the greatest common factor of 36 and x.
18
Let t(z) 